 + 2. Let k(a) = -2*o(a) + t(a). Let y = 4 + -2. Calculate the remainder when 19 is divided by k(y).
9
Let k(r) = 3*r**2 + 4*r + 2. Let i be k(-4). Let n = i + -18. What is the remainder when n is divided by 6?
4
Let q = 0 - -88. Calculate the remainder when q is divided by 46.
42
Let b = 30 + -14. What is the remainder when 63 is divided by b?
15
Suppose -l - 3*l + 76 = 0. Calculate the remainder when l is divided by 5.
4
Suppose -h + 9 = -5*z - 2*h, 16 = -4*h. Let j = 23 + -25. What is the remainder when 20 is divided by j + 13 + z + 1?
9
Let r be 1/((-2)/52*-2). What is the remainder when 25 is divided by r*-2*2/(-4)?
12
Let z(d) = 2*d + 1. Let h be z(2). Suppose 5*q - 66 = -3*l - 11, 0 = -h*l + 4*q + 141. Let k = l + -13. What is the remainder when 45 is divided by k?
9
Suppose 3 = -3*q, 3*q = -w - 4*w + 132. Calculate the remainder when w is divided by 10.
7
Let a = 73 - 34. Calculate the remainder when a is divided by (24 + -30)*10/(-6).
9
Let o be 4 + 0 + 0 + 1. Suppose -2*u - 4*x + x + 63 = 0, o*u - 168 = 3*x. Suppose 5*z - z = 68. What is the remainder when u is divided by z?
16
Suppose 0 = -4*d - 3*w + 17, 3*d - 14 = 4*w + 5. Suppose 28 + d = 3*c. Let f = 39 - 8. Calculate the remainder when f is divided by c.
9
Let p(w) = w**3 - 8*w**2 + 7*w + 5. What is the remainder when 39 is divided by p(7)?
4
Suppose 5*u - 30 = -2*l - 0, l = 0. Calculate the remainder when 16 is divided by u.
4
Let x(q) = -q**3 + 5*q**2 - 3. Let o be x(6). Let c = -18 - o. What is the remainder when 81 is divided by c?
18
What is the remainder when 5 is divided by ((-2)/3)/(4 + (-38)/9)?
2
Suppose -3*v - 3 = -9. Suppose -y = -v*y + 37. Let l(i) = 14*i**3 - i**2. Calculate the remainder when y is divided by l(1).
11
Let v = -3 + 8. Suppose 6 = -y - 3*s, -5 - 1 = y - 4*s. Let x = 15 + y. Calculate the remainder when x is divided by v.
4
Suppose -m + 4 = 2*t, 0 = 4*m - 0*m - t - 7. Suppose 0 = 3*w - m - 1. Let d(l) = -l**3 - 7*l**2 + 7*l - 6. Calculate the remainder when d(-8) is divided by w.
0
Calculate the remainder when (28/7)/(2/3) is divided by 3.
0
Suppose -5*b + 14 + 1 = 0. Suppose -o - 7 = b*a, o + 2*a = -4*o + 30. Calculate the remainder when 23 is divided by o.
7
Let j = 5 + -2. Suppose -j*a = -m - 26, 0*m - m - 17 = -2*a. Let c(g) = g**3 - 4*g**2 - 4*g + 1. What is the remainder when a is divided by c(5)?
3
Let k(i) = -2 + i - 19*i + 2*i - 2*i. Let s be k(-2). Suppose 4*c + 5*u - s = 97, -2*u = 2. Calculate the remainder when c is divided by 12.
10
Suppose -q = 3*q + 4*s - 264, -5*q + 4*s + 348 = 0. What is the remainder when q is divided by 23?
22
Let o(q) = -q**3 - 8*q**2 + 11*q + 12. Let k be o(-9). Let d = k - -9. Calculate the remainder when 6 is divided by d.
0
Let m(y) = -y**2 - 10*y. Let r be m(-8). Suppose -n - 3 = -r. Calculate the remainder when 38 is divided by n.
12
Let f = -153 - -180. Let j = 2 - -8. What is the remainder when f is divided by j?
7
Suppose 0*b + 901 = -17*b. Let f be (1 + 0)/2*-206. Let s = b - f. What is the remainder when s is divided by 17?
16
Let l = -6 + 6. Let k be 10 - -2 - (l + 1). Suppose -h - 10 = -3*q - 2, 0 = 3*h - 2*q - k. Calculate the remainder when h is divided by 4.
3
Let g = -45 - -24. Calculate the remainder when (g/12)/((-2)/24) is divided by 8.
5
Suppose 19 = -u + 7. Let j = -31 + 53. Calculate the remainder when j is divided by 2*2/(-6)*u.
6
Suppose -88 - 4 = 4*m. Let a = 4 - -11. Calculate the remainder when a is divided by 4/12 + m/(-3).
7
Let a(p) = p + 15. Let g be a(-10). Let z = g + -1. Suppose s - 2*n - 9 = -7*n, 3*s = -z*n + 49. Calculate the remainder when s is divided by 7.
5
Let x(h) = h**2 + h - 2. Let d be x(-2). Let g = 18 + d. What is the remainder when g is divided by 10?
8
Suppose 0 = -4*r + 5*r + 12. Calculate the remainder when 58 is divided by -10*(-3 + r/(-8)).
13
Suppose 2*o + 4*b - 34 = 0, -b = 5*o - 2*b - 41. Let s(p) = -6*p + 6. What is the remainder when s(-3) is divided by o?
6
Let k(s) be the second derivative of s**4/12 + s**3/3 - 7*s**2/2 - 2*s. Let w = -34 + 66. What is the remainder when w is divided by k(-6)?
15
Let h(u) = -u**3 + 8*u**2 + 2*u - 5. What is the remainder when 51 is divided by h(8)?
7
Suppose u - 2*t - 3*t - 2 = 0, 4*u - 104 = -4*t. What is the remainder when u is divided by 12?
10
Suppose -1086 = -19*i - 155. Calculate the remainder when i is divided by 26.
23
Let j = -27 - -46. What is the remainder when j is divided by 7?
5
Let s = 30 - 15. Let i(r) = -r**3 - 4*r**2 - 6*r - 11. What is the remainder when i(-5) is divided by s?
14
Let n(y) = y**2 - 9*y - 36. What is the remainder when n(19) is divided by 26?
24
Let h = -35 + 78. What is the remainder when 83 is divided by h?
40
Suppose 0 = -3*l - 4*p - 656 + 81, 3*l + 535 = 4*p. Let t = 361 + l. Suppose 0*j + t = 4*j. Calculate the remainder when j is divided by 23.
21
Suppose -14 = b - 16. Suppose 0 = -5*x + 2*f + 70, 6*x - b*x + 2*f = 56. Calculate the remainder when 39 is divided by x.
11
Let g = 15 - 3. Suppose 0 = q - 2*i - 4, 0*i = -3*q + i + g. Let s = 7 + -4. What is the remainder when q is divided by s?
1
Let h(l) = -l**2 + 12*l - 9. Let s = 24 + -9. What is the remainder when h(6) is divided by s?
12
Calculate the remainder when 7 is divided by (-5)/(-2)*(-18)/(-15).
1
Let j(g) = -2*g + 1. Suppose 0 = 2*c + 3*c - 80. Calculate the remainder when c is divided by j(-4).
7
Let c be (-2)/(-5) - (-43)/5. Let l(x) = -4*x + 5*x - 8 + 2*x. What is the remainder when l(c) is divided by 7?
5
Let t be (-20)/(-10) + 3/1. Suppose -8*v + 42 = -t*v. Calculate the remainder when 27 is divided by v.
13
Suppose 3 = -2*s + 9. What is the remainder when 5 is divided by s?
2
Calculate the remainder when (-6)/10 + 440/25 is divided by 10.
7
Let a(i) = 34*i. Suppose 2*q - 5*k - 3 - 13 = 0, 5*k - 20 = 0. Calculate the remainder when a(1) is divided by q.
16
Suppose 8 = 3*v - o, -4*v = -o + 5*o. Let s be v/(24/9 - 2). Suppose 5*z = s*z + 16. Calculate the remainder when z is divided by 3.
2
Let l(h) = 14*h - 7. Calculate the remainder when l(9) is divided by 12.
11
Let b(p) = 3 + 3*p**2 - 4*p**2 + 2*p**2 - 9*p. Let a be b(9). Suppose -2*v + 7 = -a. Calculate the remainder when 13 is divided by v.
3
What is the remainder when 15 is divided by (2 + (2 - 0))*2?
7
Let j(n) = 7*n**2 + 10*n + 14. Let s(i) = 20*i**2 + 29*i + 41. Let w(o) = -17*j(o) + 6*s(o). Calculate the remainder when w(-6) is divided by 11.
9
Let m(q) = q**2 - 7*q + 3. Let b be m(7). Suppose 9 = -4*w + 41. Suppose w*o - 205 = b*o. What is the remainder when o is divided by 21?
20
Suppose 6 = -3*b + 15. Let t = 12 - 9. Suppose 5*x + 0*h - t*h - 38 = 0, -2*x + 11 = b*h. Calculate the remainder when 20 is divided by x.
6
Let i be 2 + (-4)/(-4) - -50. Let c = 96 - i. What is the remainder when c is divided by 11?
10
What is the remainder when 201 is divided by (-51)/((-9)/3)*2?
31
Let a be (-6)/(3 + -4 + 0). Let q = a + -5. Let d = q + 5. What is the remainder when d is divided by 3?
0
Suppose 0 = 5*n - 172 + 37. Calculate the remainder when n is divided by 7.
6
Suppose 3 = -5*j + 73. Calculate the remainder when j is divided by 5.
4
Let a(g) = -2*g + 9. Let k be a(9). Let i = 16 + k. Calculate the remainder when 25 is divided by i.
4
Let f(v) = 4*v - 8. Let r be f(14). Suppose 3*t - r = -t. What is the remainder when 46 is divided by t?
10
Let q = 25 - -5. Suppose -b = 2*b - q. What is the remainder when 27 is divided by b?
7
Suppose -21*j = -33*j + 252. What is the remainder when 61 is divided by j?
19
Calculate the remainder when 64 is divided by (1 + -2)/((-1)/13).
12
Suppose j + 4*k = -2, 4*j - 2*k - k - 68 = 0. Let g be (70/(-4))/((-2)/4). Let t = 5 + g. What is the remainder when t is divided by j?
12
Let n(g) = 3*g**2 + 0*g - g + 2*g**2 + g**3 - 4*g**2 - 2. Calculate the remainder when n(2) is divided by 5.
3
Let g(f) = f**3 - 15*f**2 + 17*f - 15. Calculate the remainder when g(14) is divided by 14.
13
Let t = 29 - 18. Let l = 16 - t. Suppose 5*a + l*z = 3*z + 29, -19 = -5*a + 3*z. Calculate the remainder when 19 is divided by a.
4
Let a = 15 - -1. Suppose -12*o = -14*o + 122. Calculate the remainder when o is divided by a.
13
Suppose 0 = 2*t, 0*t + 48 = 3*c + 3*t. What is the remainder when 27 is divided by c?
11
Calculate the remainder when 7